se 7?
-161102100
Convert 10021111222221 (base 3) to base 14.
334d48
11020222 (base 4) to base 5
1133114
What is -110111101001101001 (base 2) in base 3?
-102120200102
What is 33203022 (base 4) in base 16?
f8ca
What is 1a709 (base 16) in base 8?
323411
Convert -1781b3 (base 14) to base 4.
-3022121301
31011002 (base 4) to base 9
81432
-17442 (base 10) to base 3
-212221000
What is 2210111011110 (base 3) in base 12?
5b7a26
What is 110aba8 (base 12) in base 5?
1313110213
-15c225 (base 13) to base 11
-33a375
1274633 (base 8) to base 2
1010111100110011011
303881 (base 10) to base 8
1121411
What is 8499287 (base 10) in base 14?
11b359d
-2210221010121 (base 3) to base 2
-101101100111000010011
-2557302 (base 10) to base 8
-11602566
-113202001 (base 5) to base 2
-1111111011110001110
What is 3324203 (base 5) in base 13?
20568
What is -34900 (base 13) in base 7?
-546601
2a14b78 (base 12) to base 16
818a8c
1322020121 (base 4) to base 14
d0441
-10133105 (base 6) to base 4
-1013113001
24102120 (base 5) to base 7
1613461
What is 36748 (base 15) in base 11?
109611
What is 298251b (base 14) in base 5?
20133311214
What is -180028 (base 13) in base 4?
-2102130013
-cc9d (base 15) to base 16
-a954
What is -1152525 (base 9) in base 2?
-10011000101000011101
-1222011202221 (base 3) to base 5
-231443210
Convert -143189 (base 11) to base 13.
-7ab55
What is -10010011010001100001010 (base 2) in base 12?
-17488b6
-188a57 (base 13) to base 8
-2271157
412030114 (base 5) to base 15
230e09
Convert -35143242 (base 6) to base 11.
-682585
-399617 (base 10) to base 9
-668148
Convert -101120012110211 (base 3) to base 2.
-10101011010100001001110
What is -1030463 (base 7) in base 6?
-2403045
11011200010 (base 3) to base 15
1950c
Convert 635573 (base 8) to base 3.
101202120202
What is -120012320132 (base 4) in base 5?
-3104212041
What is -30235 (base 13) in base 5?
-10223230
What is -745c51 (base 16) in base 6?
-431240401
111100101000011011 (base 2) to base 8
745033
1b7dbb (base 14) to base 9
1756437
Convert -27073 (base 13) to base 7.
-421435
Convert 8473 (base 10) to base 8.
20431
What is -2161043 (base 8) in base 14?
-112243
28005 (base 13) to base 4
102033033
Convert 21540024 (base 8) to base 4.
101230000110
Convert -113432314 (base 5) to base 8.
-2013636
What is 647364 (base 8) in base 14?
59032
1325063 (base 8) to base 11
233a21
21184 (base 16) to base 6
2523324
What is -1414023223 (base 5) in base 8?
-15750322
Convert -57316 (base 16) to base 15.
-70c47
-13004664 (base 7) to base 13
-32337c
Convert -21a575 (base 11) to base 13.
-c3850
Convert -3929824 (base 10) to base 8.
-16773340
-50d5c9 (base 15) to base 11
-2194666
-6a5325 (base 16) to base 11
-3a2a268
-686023 (base 9) to base 14
-a9bbb
Convert -18680a (base 12) to base 8.
-1500412
What is -6794a (base 13) in base 3?
-100120100010
What is 12895 (base 10) in base 9?
18617
301103332 (base 4) to base 7
1500604
-47031 (base 11) to base 15
-151ca
Convert 32626a4 (base 12) to base 9.
20027377
What is -3113131412 (base 5) in base 11?
-3668621
Convert -1005126 (base 10) to base 16.
-f5646
207808 (base 9) to base 2
11110001111010001
1d129b (base 15) to base 5
330441341
What is 21118135 (base 9) in base 15?
d5d03e
What is -310131302 (base 4) in base 12?
-a4442
Convert -1668a5 (base 12) to base 3.
-201112222022
What is 14334642 (base 8) in base 6?
153502550
What is 2313002201 (base 4) in base 9?
1362382
Convert -431624 (base 8) to base 14.
-3a816
Convert 1607061 (base 10) to base 16.
188595
What is 3101131230 (base 4) in base 6?
30220020
Convert 12344240 (base 5) to base 13.
435aa
60aa7b (base 12) to base 9
2753725
What is 30232231 (base 5) in base 16?
3b480
-211012010100 (base 4) to base 15
-cc1386
What is 1132933 (base 11) in base 16?
1e37a2
120aaa (base 15) to base 6
30255311
11301203200 (base 4) to base 5
341414241
What is 71c2b (base 13) in base 12?
9a1b9
Convert 881a0 (base 12) to base 3.
100010212210
What is -26344775 (base 8) in base 12?
-1b793b9
What is 1564727 (base 9) in base 6?
30345424
25314340 (base 6) to base 12
3359b0
Convert 14033023 (base 5) to base 6.
3021304
What is -1120001000112 (base 3) in base 7?
-10014221
What is -a5a7 (base 13) in base 2?
-101100110101000
Convert -12442 (base 13) to base 11.
-23343
What is -1202440304 (base 5) in base 8?
-12467040
Convert 54566 (base 8) to base 10.
22902
What is -4406463 (base 7) in base 14?
-100ba3
What is -11111101001100111010 (base 2) in base 7?
-11546441
Convert -61c687 (base 14) to base 5.
-1321041313
What is 507649 (base 12) in base 4?
10302323121
Convert -2d09f (base 16) to base 3.
-100101001120
What is -103534553 (base 6) in base 7?
-21560511
What is -13443451 (base 6) in base 4?
-1233210313
Convert -10111011010010110001101 (base 2) to base 9.
-12483623
325075 (base 11) to base 14
d72ba
-205422111 (base 6) to base 15
-4b988d
What is 7350207 (base 8) in base 16?
1dd087
-213c2 (base 16) to base 5
-13324010
What is -261272 (base 15) in base 3?
-10102210101122
e6bc (base 16) to base 10
59068
Convert -201132201 (base 4) to base 16.
-217a1
What is 112000101022 (base 3) in base 6?
5525012
What is -11111011202 (base 3) in base 11?
-60407
Convert 57010 (base 10) to base 14.
16ac2
Convert -d57c5 (base 14) to base 15.
-a2768
Convert -77427 (base 10) to base 2.
-10010111001110011
-887594 (base 10) to base 16
-d8b2a
-10001001011010001000000 (base 2) to base 11
-25a5956
What is d8da5c (base 16) in base 15?
13aad01
-10001110111101000 (base 2) to base 14
-1c960
Convert -101011010111100001010001 (base 2) to base 15.
-ee86be
Convert 116563 (base 9) to base 5.
4223241
Convert -18872a (base 11) to base 15.
-5ac8b
100001202220101 (base 3) to base 9
10052811
What is 388241a (base 11) in base 3?
110122120202022
Convert -253716 (base 10) to base 14.
-68668
Convert 682816 (base 9) to base 12.
178773
29a35 (base 13) to base 12
39605
What is 11020312233 (base 4) in base 2?
101001000110110101111
What is 1110101110100101010101 (base 2) in base 11?
21a7768
What is -c115 (base 16) in base 5?
-3040204
Convert 2b31cc (base 15) to base 13.
580725
What is -1100110110011110 (base 2) in base 9?
-80176
What is -3303122033 (base 4) in base 3?
-1212122122012
Convert 1bc1 (base 13) to base 8.
10165
37981 (base 16) to base 10
227713
Convert -1660761 (base 12) to base 14.
-87c02d
What is -1296353 (base 10) in base 12?
-526255
Convert -5b031 (base 14) to base 6.
-4433111
-370335 (base 11) to base 8
-2170471
What is -34269 (base 11) in base 10?
-49564
Convert -8304 (base 15) to base 6.
-332051
What is -4310240 (base 7) in base 11?
-32838a
Convert -4047530 (base 9) to base 16.
-20ebe7
Convert 2d5bf1 (base 16) to base 14.
575489
1120021201002 (base 3) to base 7
10034354
Convert -1331031231 (base 4) to base 13.
-14c5a1
What is 12d030 (base 14) in base 5?
131302440
What is -25b89 (base 16) in base 11?
-a609a
What is -101121211113 (base 4) in base 6?
-241432503
Convert -1116203 (base 9) to base 2.
-10010010110111110110
What is 10611234 (base 7) in base 5?
214133002
What is -344c88 (base 13) in base 9?
-2287583
159d7c (base 14) to base 11
477a37
What is -271a95 (base 11) in base 5?
-102132414
Convert -224486 (base 10) to base 16.
-36ce6
What is -40205663 (base 7) in base 3?
-20021011200102
What is -1073106 (base 9) in base 11?
-366548
-2435512 (base 8) to base 9
-1231722
What is -a91c4 (base 13) in base 7?
-2412201
Convert -35025043 (base 6) to base 4.
-10012320303
-119b306 (base 12) to base 6
-201430010
Convert -10c6d3f (base 16) to base 4.
-1003012310333
-111011101101001100 (base 2) to base 12
-b9638
1214202 (base 6) to base 7
355610
-17635 (base 9) to base 15
-3922
Convert 12193 (base 14) to base 3.
2020200010
d5a741 (base 14) to base 12
24b9bb1
-66040b (base 12) to base 8
-6130113
Convert 3303131414 (base 5) to base 13.
161014a
16945a6 (base 11) to base 9
5362621
Convert 1012011110 (base 3) to base 15.
6e33
What is 2341441 (base 5) in base 8?
124553
-114654221 (base 7) to base 14
-d4a248
3431311 (base 5) to base 12
2b694
What is 327a0a0 (base 11) in base 2?
10101111100011101110100
What is -6438e (base 15) in base 12?
-13408b
What is -49cfc (base 16) in base 6?
-10251404
Convert 5052b0 (base 12) to base 16.
131f64
What is -59774 (base 12) in base 8?
-353010
122230111121 (base 4) to base 15
933442
-39227 (base 11